{"id":452,"date":"2016-08-04T17:10:33","date_gmt":"2016-08-04T15:10:33","guid":{"rendered":"http:\/\/www.becker-medsolutions.eu\/hrs\/?page_id=452"},"modified":"2026-03-01T22:34:28","modified_gmt":"2026-03-01T21:34:28","slug":"bewerbercoaching","status":"publish","type":"page","link":"https:\/\/www.becker-hrs.at\/hrs\/bewerbercoaching\/","title":{"rendered":"Bewerbercoaching"},"content":{"rendered":"\n\n<style type=\"text\/css\" data-created_by=\"avia_inline_auto\" id=\"style-css-av-13f184-5df7d333944e55f5d5d84ed499c6b8b5\">\n#top .hr.hr-invisible.av-13f184-5df7d333944e55f5d5d84ed499c6b8b5{\nheight:50px;\n}\n<\/style>\n<div  class='hr av-13f184-5df7d333944e55f5d5d84ed499c6b8b5 hr-invisible  avia-builder-el-1  el_after_av_image  el_before_av_one_third '><span class='hr-inner '><span class=\"hr-inner-style\"><\/span><\/span><\/div>\n\n<style type=\"text\/css\" data-created_by=\"avia_inline_auto\" id=\"style-css-av-uwii4-c2db601752a36b2c7489a3751e18e65c\">\n.flex_column.av-uwii4-c2db601752a36b2c7489a3751e18e65c{\nborder-radius:0px 0px 0px 0px;\n-webkit-border-radius:0px 0px 0px 0px;\n-moz-border-radius:0px 0px 0px 0px;\npadding:20px 20px 20px 20px;\nbackground-color:#f5f5f5;\n}\n<\/style>\n<div class='flex_column av-uwii4-c2db601752a36b2c7489a3751e18e65c av_one_third  avia-builder-el-2  el_after_av_hr  el_before_av_two_third  first flex_column_div '   ><section  class='av_textblock_section av-t7dvw-c0738291684d5f14d4e8a1867ad70afc'  itemscope=\"itemscope\" itemtype=\"https:\/\/schema.org\/CreativeWork\" ><div class='avia_textblock'  itemprop=\"text\" ><h2>Kontakt<\/h2>\n<p><span id=\"result_box\" class=\"\" lang=\"en\"><span class=\"\">F\u00fcr weitere Informationen stehe ich Ihnen sehr gerne zur Verf\u00fcgung.<\/span><\/span><\/p>\n<p><img loading=\"lazy\" decoding=\"async\" class=\"alignnone wp-image-312 size-large\" src=\"http:\/\/www.becker-medsolutions.eu\/med\/wp-content\/uploads\/Niki-Becker-1-f\u00fcr-Personalentwicklung-Kontakt-x-1024x739.jpg\" width=\"1024\" height=\"739\" \/><\/p>\n<p><strong>Nikolaus Becker, MSc<\/strong><\/p>\n<p>Telefon: <span class=\"ff2 cf3 fs22\">+43 (0)1-<wbr \/>96 60 210<\/span><br \/>\nMobil: +43 (0) 664 3868000<\/p>\n<div  class='avia-button-wrap avia-button-left  avia-builder-el-4  avia-builder-el-no-sibling ' ><a href='mailto:mailto:office@becker-hrs.at' class='avia-button av-mt7mc-f24b17830ea7966c0ae32632eb3d8bb1 avia-icon_select-no avia-size-small avia-position-left avia-color-theme-color' target=\"_blank\" rel=\"noopener noreferrer\"><span class='avia_iconbox_title' >E-Mail<\/span><\/a><\/div>\n<\/div><\/section><\/div>\n\n<style type=\"text\/css\" data-created_by=\"avia_inline_auto\" id=\"style-css-av-1kf7o-c395dabde36a7fc8f4e597622566ca25\">\n.flex_column.av-1kf7o-c395dabde36a7fc8f4e597622566ca25{\nborder-radius:0px 0px 0px 0px;\n-webkit-border-radius:0px 0px 0px 0px;\n-moz-border-radius:0px 0px 0px 0px;\n}\n<\/style>\n<div class='flex_column av-1kf7o-c395dabde36a7fc8f4e597622566ca25 av_two_third  avia-builder-el-5  el_after_av_one_third  avia-builder-el-last  flex_column_div av-zero-column-padding '   ><section  class='av_textblock_section av-8exfw-e66e7cb527f598f356ec8ae8444c1bd3'  itemscope=\"itemscope\" itemtype=\"https:\/\/schema.org\/CreativeWork\" ><div class='avia_textblock'  itemprop=\"text\" ><h1>Bewerbercoaching<\/h1>\n<h2>Modul 1: Potentialanalyse und Zielfindung<\/h2>\n<p>In Einzelgespr\u00e4chen mit Ihrem Coach werden mittels der Grundlage aus einem Testverfahren\u00a0 Ihre\u00a0 St\u00e4rken\/Schw\u00e4chen erarbeitet und als Gespr\u00e4chsbasis\/Reflexionsbasis zur pers\u00f6nlichen Zielfindung herangezogen. Weiters bietet Ihnen Ihre ausgearbeitete Potentialanalyse folgende Vorteile:<\/p>\n<ul>\n<li>Ihre Suche wird aus den gewonnenen Erkenntnissen noch zielgerichteter und effizienter. Damit erh\u00f6hen Sie automatisch die Chance, sich noch punktgenauer f\u00fcr einen wirklich passenden Job zu bewerben.<\/li>\n<li>noch professionelleres Auftreten bei einem &#8222;passenden Job&#8220; durch das Einflie\u00dfen lassen Ihrer Potentialanalyse in Ihre Bewerberunterlagen.<\/li>\n<\/ul>\n<p>Dauer: Online Potentialanalyse mit ca.40 Minuten und pers\u00f6nlichen Feedback\/Reflexionsgespr\u00e4ch mit ca.2 Stunden<\/p>\n<h2>Modul 2: Professionelles und \u00fcberzeugendes Auftreten<\/h2>\n<p>Mit Unterst\u00fctzung Ihres Coaches werden in realit\u00e4tsnahen Situationen\/\u00dcbungseinheiten Ihr Auftreten trainiert.<br \/>\nFogende Schwerpunkte werden darin gesetzt:<\/p>\n<ul>\n<li>Auftreten, K\u00f6rpersprache und Stimme<\/li>\n<li>Beratung Dresscode<\/li>\n<li>Umgang mit kritischen Fragen<\/li>\n<li>Verhalten in der Interviewsituation<\/li>\n<li>Einstellen auf unterschiedliche Ansprechpartner<\/li>\n<li>Positionieren der eigenen USP\u00b4s<\/li>\n<\/ul>\n<p>Videofeedbacks mit Ihrem Coach gew\u00e4hrleisten einen zus\u00e4tzlichen raschen Lerntransfer in Ihre Bewerberpraxis. Die Videosequenzen auf DVD, samt unterst\u00fctzender Unterlagen von becker: human resource solutions, nehmen Sie zum Selbststudium noch mit nach Hause.<\/p>\n<p>Dauer: 3 Stunden<\/p>\n<\/div><\/section><\/div>\n","protected":false},"excerpt":{"rendered":"","protected":false},"author":1,"featured_media":0,"parent":0,"menu_order":0,"comment_status":"closed","ping_status":"closed","template":"","meta":{"footnotes":""},"class_list":["post-452","page","type-page","status-publish","hentry"],"yoast_head":"<!-- This site is optimized with the Yoast SEO plugin v27.3 - https:\/\/yoast.com\/product\/yoast-seo-wordpress\/ -->\n<title>Bewerbercoaching - Becker Human Resource Solutions<\/title>\n<meta name=\"robots\" content=\"index, follow, max-snippet:-1, max-image-preview:large, max-video-preview:-1\" \/>\n<link rel=\"canonical\" href=\"https:\/\/www.becker-hrs.at\/hrs\/bewerbercoaching\/\" \/>\n<meta property=\"og:locale\" content=\"de_DE\" \/>\n<meta property=\"og:type\" content=\"article\" \/>\n<meta property=\"og:title\" content=\"Bewerbercoaching - Becker Human Resource Solutions\" \/>\n<meta property=\"og:url\" content=\"https:\/\/www.becker-hrs.at\/hrs\/bewerbercoaching\/\" \/>\n<meta property=\"og:site_name\" content=\"Becker Human Resource Solutions\" \/>\n<meta property=\"article:modified_time\" content=\"2026-03-01T21:34:28+00:00\" \/>\n<meta name=\"twitter:card\" content=\"summary_large_image\" \/>\n<meta name=\"twitter:label1\" content=\"Gesch\u00e4tzte Lesezeit\" \/>\n\t<meta name=\"twitter:data1\" content=\"2\u00a0Minuten\" \/>\n<script type=\"application\/ld+json\" class=\"yoast-schema-graph\">{\"@context\":\"https:\\\/\\\/schema.org\",\"@graph\":[{\"@type\":\"WebPage\",\"@id\":\"https:\\\/\\\/www.becker-hrs.at\\\/hrs\\\/bewerbercoaching\\\/\",\"url\":\"https:\\\/\\\/www.becker-hrs.at\\\/hrs\\\/bewerbercoaching\\\/\",\"name\":\"Bewerbercoaching - Becker Human Resource Solutions\",\"isPartOf\":{\"@id\":\"https:\\\/\\\/www.becker-hrs.at\\\/hrs\\\/#website\"},\"datePublished\":\"2016-08-04T15:10:33+00:00\",\"dateModified\":\"2026-03-01T21:34:28+00:00\",\"breadcrumb\":{\"@id\":\"https:\\\/\\\/www.becker-hrs.at\\\/hrs\\\/bewerbercoaching\\\/#breadcrumb\"},\"inLanguage\":\"de\",\"potentialAction\":[{\"@type\":\"ReadAction\",\"target\":[\"https:\\\/\\\/www.becker-hrs.at\\\/hrs\\\/bewerbercoaching\\\/\"]}]},{\"@type\":\"BreadcrumbList\",\"@id\":\"https:\\\/\\\/www.becker-hrs.at\\\/hrs\\\/bewerbercoaching\\\/#breadcrumb\",\"itemListElement\":[{\"@type\":\"ListItem\",\"position\":1,\"name\":\"Startseite\",\"item\":\"https:\\\/\\\/www.becker-hrs.at\\\/hrs\\\/startseite\\\/\"},{\"@type\":\"ListItem\",\"position\":2,\"name\":\"Bewerbercoaching\"}]},{\"@type\":\"WebSite\",\"@id\":\"https:\\\/\\\/www.becker-hrs.at\\\/hrs\\\/#website\",\"url\":\"https:\\\/\\\/www.becker-hrs.at\\\/hrs\\\/\",\"name\":\"Becker Human Resource Solutions\",\"description\":\"\",\"potentialAction\":[{\"@type\":\"SearchAction\",\"target\":{\"@type\":\"EntryPoint\",\"urlTemplate\":\"https:\\\/\\\/www.becker-hrs.at\\\/hrs\\\/?s={search_term_string}\"},\"query-input\":{\"@type\":\"PropertyValueSpecification\",\"valueRequired\":true,\"valueName\":\"search_term_string\"}}],\"inLanguage\":\"de\"}]}<\/script>\n<!-- \/ Yoast SEO plugin. -->","yoast_head_json":{"title":"Bewerbercoaching - Becker Human Resource Solutions","robots":{"index":"index","follow":"follow","max-snippet":"max-snippet:-1","max-image-preview":"max-image-preview:large","max-video-preview":"max-video-preview:-1"},"canonical":"https:\/\/www.becker-hrs.at\/hrs\/bewerbercoaching\/","og_locale":"de_DE","og_type":"article","og_title":"Bewerbercoaching - Becker Human Resource Solutions","og_url":"https:\/\/www.becker-hrs.at\/hrs\/bewerbercoaching\/","og_site_name":"Becker Human Resource Solutions","article_modified_time":"2026-03-01T21:34:28+00:00","twitter_card":"summary_large_image","twitter_misc":{"Gesch\u00e4tzte Lesezeit":"2\u00a0Minuten"},"schema":{"@context":"https:\/\/schema.org","@graph":[{"@type":"WebPage","@id":"https:\/\/www.becker-hrs.at\/hrs\/bewerbercoaching\/","url":"https:\/\/www.becker-hrs.at\/hrs\/bewerbercoaching\/","name":"Bewerbercoaching - Becker Human Resource Solutions","isPartOf":{"@id":"https:\/\/www.becker-hrs.at\/hrs\/#website"},"datePublished":"2016-08-04T15:10:33+00:00","dateModified":"2026-03-01T21:34:28+00:00","breadcrumb":{"@id":"https:\/\/www.becker-hrs.at\/hrs\/bewerbercoaching\/#breadcrumb"},"inLanguage":"de","potentialAction":[{"@type":"ReadAction","target":["https:\/\/www.becker-hrs.at\/hrs\/bewerbercoaching\/"]}]},{"@type":"BreadcrumbList","@id":"https:\/\/www.becker-hrs.at\/hrs\/bewerbercoaching\/#breadcrumb","itemListElement":[{"@type":"ListItem","position":1,"name":"Startseite","item":"https:\/\/www.becker-hrs.at\/hrs\/startseite\/"},{"@type":"ListItem","position":2,"name":"Bewerbercoaching"}]},{"@type":"WebSite","@id":"https:\/\/www.becker-hrs.at\/hrs\/#website","url":"https:\/\/www.becker-hrs.at\/hrs\/","name":"Becker Human Resource Solutions","description":"","potentialAction":[{"@type":"SearchAction","target":{"@type":"EntryPoint","urlTemplate":"https:\/\/www.becker-hrs.at\/hrs\/?s={search_term_string}"},"query-input":{"@type":"PropertyValueSpecification","valueRequired":true,"valueName":"search_term_string"}}],"inLanguage":"de"}]}},"_links":{"self":[{"href":"https:\/\/www.becker-hrs.at\/hrs\/wp-json\/wp\/v2\/pages\/452","targetHints":{"allow":["GET"]}}],"collection":[{"href":"https:\/\/www.becker-hrs.at\/hrs\/wp-json\/wp\/v2\/pages"}],"about":[{"href":"https:\/\/www.becker-hrs.at\/hrs\/wp-json\/wp\/v2\/types\/page"}],"author":[{"embeddable":true,"href":"https:\/\/www.becker-hrs.at\/hrs\/wp-json\/wp\/v2\/users\/1"}],"replies":[{"embeddable":true,"href":"https:\/\/www.becker-hrs.at\/hrs\/wp-json\/wp\/v2\/comments?post=452"}],"version-history":[{"count":4,"href":"https:\/\/www.becker-hrs.at\/hrs\/wp-json\/wp\/v2\/pages\/452\/revisions"}],"predecessor-version":[{"id":676,"href":"https:\/\/www.becker-hrs.at\/hrs\/wp-json\/wp\/v2\/pages\/452\/revisions\/676"}],"wp:attachment":[{"href":"https:\/\/www.becker-hrs.at\/hrs\/wp-json\/wp\/v2\/media?parent=452"}],"curies":[{"name":"wp","href":"https:\/\/api.w.org\/{rel}","templated":true}]}}