{"id":437,"date":"2016-08-04T16:23:15","date_gmt":"2016-08-04T14:23:15","guid":{"rendered":"http:\/\/www.becker-medsolutions.eu\/hrs\/?page_id=437"},"modified":"2026-03-01T22:45:23","modified_gmt":"2026-03-01T21:45:23","slug":"testverfahren","status":"publish","type":"page","link":"https:\/\/www.becker-hrs.at\/hrs\/testverfahren\/","title":{"rendered":"Testverfahren"},"content":{"rendered":"\n\n<style type=\"text\/css\" data-created_by=\"avia_inline_auto\" id=\"style-css-av-10n37x-925d272f07594381c71db1099dd1bfc1\">\n#top .hr.hr-invisible.av-10n37x-925d272f07594381c71db1099dd1bfc1{\nheight:50px;\n}\n<\/style>\n<div  class='hr av-10n37x-925d272f07594381c71db1099dd1bfc1 hr-invisible  avia-builder-el-1  el_after_av_image  el_before_av_one_third '><span class='hr-inner '><span class=\"hr-inner-style\"><\/span><\/span><\/div>\n\n<style type=\"text\/css\" data-created_by=\"avia_inline_auto\" id=\"style-css-av-vr199-cd2a59c7199ebec5f73124d02c0b5f76\">\n.flex_column.av-vr199-cd2a59c7199ebec5f73124d02c0b5f76{\nborder-radius:0px 0px 0px 0px;\n-webkit-border-radius:0px 0px 0px 0px;\n-moz-border-radius:0px 0px 0px 0px;\npadding:20px 20px 20px 20px;\nbackground-color:#f5f5f5;\n}\n<\/style>\n<div class='flex_column av-vr199-cd2a59c7199ebec5f73124d02c0b5f76 av_one_third  avia-builder-el-2  el_after_av_hr  el_before_av_two_third  first flex_column_div '   ><section  class='av_textblock_section av-abh9-8f4f27731fec92856739f51ec59beff8'  itemscope=\"itemscope\" itemtype=\"https:\/\/schema.org\/CreativeWork\" ><div class='avia_textblock'  itemprop=\"text\" ><h2>Kontakt<\/h2>\n<p><span id=\"result_box\" class=\"\" lang=\"en\"><span class=\"\">F\u00fcr weitere Informationen stehe ich Ihnen sehr gerne zur Verf\u00fcgung.<\/span><\/span><\/p>\n<p><img loading=\"lazy\" decoding=\"async\" class=\"alignnone wp-image-312 size-large\" src=\"http:\/\/www.becker-medsolutions.eu\/med\/wp-content\/uploads\/Niki-Becker-1-f\u00fcr-Personalentwicklung-Kontakt-x-1024x739.jpg\" width=\"1024\" height=\"739\" \/><\/p>\n<p><strong>Nikolaus Becker, MSc<\/strong><\/p>\n<p>Telefon: <span class=\"ff2 cf3 fs22\">+43 (0)1-<wbr \/>96 60 210<\/span><br \/>\nMobil: +43 (0) 664 3868000<\/p>\n<div  class='avia-button-wrap avia-button-left  avia-builder-el-4  avia-builder-el-no-sibling ' ><a href='mailto:mailto:office@becker-hrs.at' class='avia-button av-j5s4l-2ee549d473719ab9214b2e45bcd8d45e avia-icon_select-no avia-size-small avia-position-left avia-color-theme-color' target=\"_blank\" rel=\"noopener noreferrer\"><span class='avia_iconbox_title' >E-Mail<\/span><\/a><\/div>\n<\/div><\/section><\/div>\n\n<style type=\"text\/css\" data-created_by=\"avia_inline_auto\" id=\"style-css-av-gcldp-ebbc7211136dfbd3c477316f0582c275\">\n.flex_column.av-gcldp-ebbc7211136dfbd3c477316f0582c275{\nborder-radius:0px 0px 0px 0px;\n-webkit-border-radius:0px 0px 0px 0px;\n-moz-border-radius:0px 0px 0px 0px;\n}\n<\/style>\n<div class='flex_column av-gcldp-ebbc7211136dfbd3c477316f0582c275 av_two_third  avia-builder-el-5  el_after_av_one_third  avia-builder-el-last  flex_column_div av-zero-column-padding '   ><section  class='av_textblock_section av-a8g85-15fe1740196bf68778fdc279684fc304'  itemscope=\"itemscope\" itemtype=\"https:\/\/schema.org\/CreativeWork\" ><div class='avia_textblock'  itemprop=\"text\" ><h1>Master Person Analysis<\/h1>\n<p>becker: human resource solutions wertet\u00a0 entscheidende Erfolgsfaktoren f\u00fcr F\u00fchrungs- und Schl\u00fcsselpositionen als auch Verkaufspositionen mittels der international bew\u00e4hrten Potenzialanalysen von Master Management aus:<\/p>\n<p><img loading=\"lazy\" decoding=\"async\" class=\"wp-image-558 size-full alignnone\" src=\"http:\/\/www.becker-medsolutions.eu\/hrs\/wp-content\/uploads\/Alternativbild-Auszug-aus-der-Potenzialanalyse.jpg\" width=\"637\" height=\"261\" srcset=\"https:\/\/www.becker-hrs.at\/hrs\/wp-content\/uploads\/Alternativbild-Auszug-aus-der-Potenzialanalyse.jpg 637w, https:\/\/www.becker-hrs.at\/hrs\/wp-content\/uploads\/Alternativbild-Auszug-aus-der-Potenzialanalyse-300x123.jpg 300w, https:\/\/www.becker-hrs.at\/hrs\/wp-content\/uploads\/Alternativbild-Auszug-aus-der-Potenzialanalyse-450x184.jpg 450w\" sizes=\"auto, (max-width: 637px) 100vw, 637px\" \/><\/p>\n<p><strong>Wir setzen als zertifizierter Anwender von Master Management folgende Potenzialanalysen f\u00fcr Short List Kandidaten im Recruitingprozess und in der Personalentwicklung ein:<\/strong><\/p>\n<ul>\n<li>Master Person Analysis (MPA) &#8211; diese Potentialanalyse wird speziell f\u00fcr F\u00fchrungs-als auch Fachpositionen eingesetzt<\/li>\n<\/ul>\n<p>In einem ersten Schritt erarbeiten wir mit Ihnen die spezifischen Anforderungen, welche hinter der konkreten Position stehen. In einem zweiten Schritt wird mit den KanidatInnen ein mehrstufiger Evaluierungs- und Feedbackprozess und ein Abgleich mit dem Anforderungsprofil durchgef\u00fchrt.<\/p>\n<p><img loading=\"lazy\" decoding=\"async\" class=\"wp-image-559 size-full alignnone\" src=\"http:\/\/www.becker-medsolutions.eu\/hrs\/wp-content\/uploads\/Ablauf-MPA-Analyse-Darstellung.jpg\" width=\"586\" height=\"192\" srcset=\"https:\/\/www.becker-hrs.at\/hrs\/wp-content\/uploads\/Ablauf-MPA-Analyse-Darstellung.jpg 586w, https:\/\/www.becker-hrs.at\/hrs\/wp-content\/uploads\/Ablauf-MPA-Analyse-Darstellung-300x98.jpg 300w, https:\/\/www.becker-hrs.at\/hrs\/wp-content\/uploads\/Ablauf-MPA-Analyse-Darstellung-450x147.jpg 450w\" sizes=\"auto, (max-width: 586px) 100vw, 586px\" \/><\/p>\n<p>Kundenstimmen zum Einsatz der begleitenden Potentialanalysen: <a href=\"http:\/\/www.becker-hrs.at\/hrs\/create-at\/\" target=\"_blank\" rel=\"noopener\">Create.at<\/a><\/p>\n<\/div><\/section><\/div>\n","protected":false},"excerpt":{"rendered":"","protected":false},"author":1,"featured_media":0,"parent":0,"menu_order":0,"comment_status":"closed","ping_status":"closed","template":"","meta":{"footnotes":""},"class_list":["post-437","page","type-page","status-publish","hentry"],"yoast_head":"<!-- This site is optimized with the Yoast SEO plugin v27.3 - https:\/\/yoast.com\/product\/yoast-seo-wordpress\/ -->\n<title>Testverfahren - Becker Human Resource Solutions<\/title>\n<meta name=\"robots\" content=\"index, follow, max-snippet:-1, max-image-preview:large, max-video-preview:-1\" \/>\n<link rel=\"canonical\" href=\"https:\/\/www.becker-hrs.at\/hrs\/testverfahren\/\" \/>\n<meta property=\"og:locale\" content=\"de_DE\" \/>\n<meta property=\"og:type\" content=\"article\" \/>\n<meta property=\"og:title\" content=\"Testverfahren - Becker Human Resource Solutions\" \/>\n<meta property=\"og:url\" content=\"https:\/\/www.becker-hrs.at\/hrs\/testverfahren\/\" \/>\n<meta property=\"og:site_name\" content=\"Becker Human Resource Solutions\" \/>\n<meta property=\"article:modified_time\" content=\"2026-03-01T21:45:23+00:00\" \/>\n<meta property=\"og:image\" content=\"http:\/\/www.becker-medsolutions.eu\/hrs\/wp-content\/uploads\/Alternativbild-Auszug-aus-der-Potenzialanalyse.jpg\" \/>\n<meta name=\"twitter:card\" content=\"summary_large_image\" \/>\n<meta name=\"twitter:label1\" content=\"Gesch\u00e4tzte Lesezeit\" \/>\n\t<meta name=\"twitter:data1\" content=\"2\u00a0Minuten\" \/>\n<script type=\"application\/ld+json\" class=\"yoast-schema-graph\">{\"@context\":\"https:\\\/\\\/schema.org\",\"@graph\":[{\"@type\":\"WebPage\",\"@id\":\"https:\\\/\\\/www.becker-hrs.at\\\/hrs\\\/testverfahren\\\/\",\"url\":\"https:\\\/\\\/www.becker-hrs.at\\\/hrs\\\/testverfahren\\\/\",\"name\":\"Testverfahren - Becker Human Resource Solutions\",\"isPartOf\":{\"@id\":\"https:\\\/\\\/www.becker-hrs.at\\\/hrs\\\/#website\"},\"primaryImageOfPage\":{\"@id\":\"https:\\\/\\\/www.becker-hrs.at\\\/hrs\\\/testverfahren\\\/#primaryimage\"},\"image\":{\"@id\":\"https:\\\/\\\/www.becker-hrs.at\\\/hrs\\\/testverfahren\\\/#primaryimage\"},\"thumbnailUrl\":\"http:\\\/\\\/www.becker-medsolutions.eu\\\/hrs\\\/wp-content\\\/uploads\\\/Alternativbild-Auszug-aus-der-Potenzialanalyse.jpg\",\"datePublished\":\"2016-08-04T14:23:15+00:00\",\"dateModified\":\"2026-03-01T21:45:23+00:00\",\"breadcrumb\":{\"@id\":\"https:\\\/\\\/www.becker-hrs.at\\\/hrs\\\/testverfahren\\\/#breadcrumb\"},\"inLanguage\":\"de\",\"potentialAction\":[{\"@type\":\"ReadAction\",\"target\":[\"https:\\\/\\\/www.becker-hrs.at\\\/hrs\\\/testverfahren\\\/\"]}]},{\"@type\":\"ImageObject\",\"inLanguage\":\"de\",\"@id\":\"https:\\\/\\\/www.becker-hrs.at\\\/hrs\\\/testverfahren\\\/#primaryimage\",\"url\":\"http:\\\/\\\/www.becker-medsolutions.eu\\\/hrs\\\/wp-content\\\/uploads\\\/Alternativbild-Auszug-aus-der-Potenzialanalyse.jpg\",\"contentUrl\":\"http:\\\/\\\/www.becker-medsolutions.eu\\\/hrs\\\/wp-content\\\/uploads\\\/Alternativbild-Auszug-aus-der-Potenzialanalyse.jpg\"},{\"@type\":\"BreadcrumbList\",\"@id\":\"https:\\\/\\\/www.becker-hrs.at\\\/hrs\\\/testverfahren\\\/#breadcrumb\",\"itemListElement\":[{\"@type\":\"ListItem\",\"position\":1,\"name\":\"Startseite\",\"item\":\"https:\\\/\\\/www.becker-hrs.at\\\/hrs\\\/startseite\\\/\"},{\"@type\":\"ListItem\",\"position\":2,\"name\":\"Testverfahren\"}]},{\"@type\":\"WebSite\",\"@id\":\"https:\\\/\\\/www.becker-hrs.at\\\/hrs\\\/#website\",\"url\":\"https:\\\/\\\/www.becker-hrs.at\\\/hrs\\\/\",\"name\":\"Becker Human Resource Solutions\",\"description\":\"\",\"potentialAction\":[{\"@type\":\"SearchAction\",\"target\":{\"@type\":\"EntryPoint\",\"urlTemplate\":\"https:\\\/\\\/www.becker-hrs.at\\\/hrs\\\/?s={search_term_string}\"},\"query-input\":{\"@type\":\"PropertyValueSpecification\",\"valueRequired\":true,\"valueName\":\"search_term_string\"}}],\"inLanguage\":\"de\"}]}<\/script>\n<!-- \/ Yoast SEO plugin. -->","yoast_head_json":{"title":"Testverfahren - Becker Human Resource Solutions","robots":{"index":"index","follow":"follow","max-snippet":"max-snippet:-1","max-image-preview":"max-image-preview:large","max-video-preview":"max-video-preview:-1"},"canonical":"https:\/\/www.becker-hrs.at\/hrs\/testverfahren\/","og_locale":"de_DE","og_type":"article","og_title":"Testverfahren - Becker Human Resource Solutions","og_url":"https:\/\/www.becker-hrs.at\/hrs\/testverfahren\/","og_site_name":"Becker Human Resource Solutions","article_modified_time":"2026-03-01T21:45:23+00:00","og_image":[{"url":"http:\/\/www.becker-medsolutions.eu\/hrs\/wp-content\/uploads\/Alternativbild-Auszug-aus-der-Potenzialanalyse.jpg","type":"","width":"","height":""}],"twitter_card":"summary_large_image","twitter_misc":{"Gesch\u00e4tzte Lesezeit":"2\u00a0Minuten"},"schema":{"@context":"https:\/\/schema.org","@graph":[{"@type":"WebPage","@id":"https:\/\/www.becker-hrs.at\/hrs\/testverfahren\/","url":"https:\/\/www.becker-hrs.at\/hrs\/testverfahren\/","name":"Testverfahren - Becker Human Resource Solutions","isPartOf":{"@id":"https:\/\/www.becker-hrs.at\/hrs\/#website"},"primaryImageOfPage":{"@id":"https:\/\/www.becker-hrs.at\/hrs\/testverfahren\/#primaryimage"},"image":{"@id":"https:\/\/www.becker-hrs.at\/hrs\/testverfahren\/#primaryimage"},"thumbnailUrl":"http:\/\/www.becker-medsolutions.eu\/hrs\/wp-content\/uploads\/Alternativbild-Auszug-aus-der-Potenzialanalyse.jpg","datePublished":"2016-08-04T14:23:15+00:00","dateModified":"2026-03-01T21:45:23+00:00","breadcrumb":{"@id":"https:\/\/www.becker-hrs.at\/hrs\/testverfahren\/#breadcrumb"},"inLanguage":"de","potentialAction":[{"@type":"ReadAction","target":["https:\/\/www.becker-hrs.at\/hrs\/testverfahren\/"]}]},{"@type":"ImageObject","inLanguage":"de","@id":"https:\/\/www.becker-hrs.at\/hrs\/testverfahren\/#primaryimage","url":"http:\/\/www.becker-medsolutions.eu\/hrs\/wp-content\/uploads\/Alternativbild-Auszug-aus-der-Potenzialanalyse.jpg","contentUrl":"http:\/\/www.becker-medsolutions.eu\/hrs\/wp-content\/uploads\/Alternativbild-Auszug-aus-der-Potenzialanalyse.jpg"},{"@type":"BreadcrumbList","@id":"https:\/\/www.becker-hrs.at\/hrs\/testverfahren\/#breadcrumb","itemListElement":[{"@type":"ListItem","position":1,"name":"Startseite","item":"https:\/\/www.becker-hrs.at\/hrs\/startseite\/"},{"@type":"ListItem","position":2,"name":"Testverfahren"}]},{"@type":"WebSite","@id":"https:\/\/www.becker-hrs.at\/hrs\/#website","url":"https:\/\/www.becker-hrs.at\/hrs\/","name":"Becker Human Resource Solutions","description":"","potentialAction":[{"@type":"SearchAction","target":{"@type":"EntryPoint","urlTemplate":"https:\/\/www.becker-hrs.at\/hrs\/?s={search_term_string}"},"query-input":{"@type":"PropertyValueSpecification","valueRequired":true,"valueName":"search_term_string"}}],"inLanguage":"de"}]}},"_links":{"self":[{"href":"https:\/\/www.becker-hrs.at\/hrs\/wp-json\/wp\/v2\/pages\/437","targetHints":{"allow":["GET"]}}],"collection":[{"href":"https:\/\/www.becker-hrs.at\/hrs\/wp-json\/wp\/v2\/pages"}],"about":[{"href":"https:\/\/www.becker-hrs.at\/hrs\/wp-json\/wp\/v2\/types\/page"}],"author":[{"embeddable":true,"href":"https:\/\/www.becker-hrs.at\/hrs\/wp-json\/wp\/v2\/users\/1"}],"replies":[{"embeddable":true,"href":"https:\/\/www.becker-hrs.at\/hrs\/wp-json\/wp\/v2\/comments?post=437"}],"version-history":[{"count":5,"href":"https:\/\/www.becker-hrs.at\/hrs\/wp-json\/wp\/v2\/pages\/437\/revisions"}],"predecessor-version":[{"id":561,"href":"https:\/\/www.becker-hrs.at\/hrs\/wp-json\/wp\/v2\/pages\/437\/revisions\/561"}],"wp:attachment":[{"href":"https:\/\/www.becker-hrs.at\/hrs\/wp-json\/wp\/v2\/media?parent=437"}],"curies":[{"name":"wp","href":"https:\/\/api.w.org\/{rel}","templated":true}]}}